
True
Is 93 a factor of 11718?
True
Is 3034 a multiple of 3?
False
Is 19614 a multiple of 14?
True
Is 921 a multiple of 7?
False
Is 50 a factor of 11500?
True
Is 95 a factor of 13394?
False
Does 19 divide 4230?
False
Does 84 divide 15456?
True
Is 21 a factor of 72909?
False
Does 244 divide 11273?
False
Does 7 divide 3064?
False
Does 81 divide 12231?
True
Is 19 a factor of 4948?
False
Is 172 a factor of 5504?
True
Does 30 divide 5190?
True
Is 18 a factor of 867?
False
Does 20 divide 31180?
True
Does 6 divide 26586?
True
Is 2 a factor of 3117?
False
Does 4 divide 1320?
True
Is 573 a multiple of 50?
False
Does 39 divide 693?
False
Does 17 divide 25800?
False
Is 90 a multiple of 10?
True
Does 54 divide 19416?
False
Does 85 divide 2210?
True
Is 120868 a multiple of 10?
False
Is 51 a factor of 521?
False
Is 19 a factor of 56677?
True
Is 29 a factor of 348?
True
Does 29 divide 1566?
True
Is 1067 a multiple of 51?
False
Is 12 a factor of 5512?
False
Is 39720 a multiple of 60?
True
Is 214 a multiple of 11?
False
Is 4 a factor of 14537?
False
Is 732 a multiple of 5?
False
Is 135 a factor of 22469?
False
Does 10 divide 29060?
True
Is 3 a factor of 97?
False
Does 13 divide 10607?
False
Is 132 a factor of 792?
True
Is 12 a factor of 3369?
False
Is 6897 a multiple of 57?
True
Is 12 a factor of 216?
True
Does 19 divide 4249?
False
Does 17 divide 1477?
False
Is 118 a factor of 23482?
True
Does 7 divide 19028?
False
Is 112 a multiple of 4?
True
Does 11 divide 762?
False
Is 3937 a multiple of 101?
False
Is 31 a factor of 431?
False
Is 19909 a multiple of 18?
False
Is 88576 a multiple of 173?
True
Is 22 a factor of 352?
True
Is 33621 a multiple of 6?
False
Is 81 a factor of 54736?
False
Is 1443 a multiple of 39?
True
Is 91 a factor of 1001?
True
Does 44 divide 214?
False
Is 20 a factor of 1601?
False
Does 4 divide 3752?
True
Is 24 a factor of 3264?
True
Is 321 even?
False
Is 4 a factor of 1211?
False
Is 17 a factor of 9962?
True
Is 19 a factor of 23142?
True
Is 73 a factor of 876?
True
Is 56 a factor of 3920?
True
Is 9 a factor of 41933?
False
Does 18 divide 5153?
False
Is 1656 a multiple of 46?
True
Does 20 divide 2795?
False
Does 34 divide 7752?
True
Is 2499 a multiple of 71?
False
Does 33 divide 1188?
True
Does 31 divide 13392?
True
Is 442 a multiple of 26?
True
Is 8039 a multiple of 76?
False
Does 7 divide 4415?
False
Is 68460 a multiple of 10?
True
Is 7668 a multiple of 142?
True
Is 6494 a multiple of 17?
True
Does 7 divide 56?
True
Is 34 a factor of 544?
True
Is 44 a factor of 6820?
True
Is 1175 a multiple of 53?
False
Is 11772 a multiple of 62?
False
Is 450 a multiple of 7?
False
Does 42 divide 5796?
True
Is 1402 a multiple of 28?
False
Is 10 a factor of 12890?
True
Is 18 a factor of 348?
False
Is 19 a factor of 9576?
True
Is 14 a factor of 3635?
False
Does 20 divide 22223?
False
Is 1097 a multiple of 30?
False
Is 18951 a multiple of 12?
False
Is 6517 a multiple of 49?
True
Is 845 even?
False
Is 10353 a multiple of 87?
True
Is 3 a factor of 4752?
True
Does 197 divide 66677?
False
Is 3966 a multiple of 151?
False
Is 6 a factor of 3144?
True
Is 5382 a multiple of 6?
True
Does 27 divide 9405?
False
Is 18 a multiple of 8?
False
Does 17 divide 8975?
False
Does 12 divide 2556?
True
Is 117 a factor of 15444?
True
Is 8613 a multiple of 200?
False
Does 34 divide 1224?
True
Is 3737 a multiple of 37?
True
Is 33 a factor of 32822?
False
Does 8 divide 123?
False
Is 870 a multiple of 5?
True
Does 10 divide 3391?
False
Does 27 divide 1944?
True
Does 44 divide 96800?
True
Is 20026 a multiple of 31?
True
Does 10 divide 2206?
False
Does 32 divide 12891?
False
Is 3978 a multiple of 17?
True
Is 47 a factor of 1481?
False
Does 86 divide 1290?
True
Is 191 a factor of 24639?
True
Does 70 divide 6650?
True
Does 7 divide 910?
True
Is 3 a factor of 130?
False
Is 13 a factor of 1447?
False
Is 2766 a multiple of 61?
False
Is 896 a multiple of 56?
True
Does 14 divide 154?
True
Is 3034 a multiple of 41?
True
Is 46 a factor of 264?
False
Is 3175 a multiple of 13?
False
Is 33040 a multiple of 16?
True
Is 43 a factor of 27047?
True
Is 207 a multiple of 9?
True
Is 21 a factor of 259?
False
Is 70332 a multiple of 8?
False
Is 92 a factor of 460?
True
Is 1183 a multiple of 53?
False
Is 4900 a multiple of 100?
True
Is 48 a factor of 9153?
False
Does 9 divide 17694?
True
Is 46 a factor of 19948?
False
Is 7 a factor of 887?
False
Is 11 a factor of 259?
False
Does 8 divide 936?
True
Is 11 a factor of 110?
True
Does 33 divide 1056?
True
Is 89344 a multiple of 46?
False
Is 8 a factor of 906?
False
Is 100 a multiple of 25?
True
Does 19 divide 19?
True
Is 57 a factor of 14874?
False
Is 7 a factor of 7874?
False
Is 23925 a multiple of 25?
True
Is 41 a factor of 42845?
True
Is 7 a factor of 18522?
True
Is 12939 a multiple of 227?
True
Is 203 a multiple of 11?
False
Does 19 divide 1767?
True
Is 10 a factor of 590?
True
Is 6644 a multiple of 20?
False
Is 7695 a multiple of 15?
True
Does 70 divide 1672?
False
Does 16 divide 123?
False
Is 26 a factor of 442?
True
Does 89 divide 3204?
True
Does 2 divide 10272?
True
Does 13 divide 377?
True
Does 26 divide 1872?
True
Is 24 a factor of 65?
False
Does 250 divide 1334?
False
Is 14 a factor of 14476?
True
Does 44 divide 1276?
True
Is 16434 a multiple of 83?
True
Does 9 divide 207?
True
Is 125 a multiple of 3?
False
Does 4 divide 2880?
True
Is 321 a multiple of 5?
False
Is 51040 a multiple of 88?
True
Is 34 a factor of 19377?
False
Is 15 a factor of 6840?
True
Does 26 divide 835?
False
Does 138 divide 2987?
False
Is 18 a factor of 18270?
True
Is 24351 a multiple of 27?
False
Does 30 divide 1920?
True
Is 193 a multiple of 13?
False
Is 417 a multiple of 2?
False
Is 50 a factor of 3223?
False
Is 198 a multiple of 33?
True
Is 2409 a multiple of 11?
True
Does 22 divide 1069?
False
Does 5 divide 50?
True
Is 29 a factor of 2668?
True
Does 80 divide 1280?
True
Is 1074 a multiple of 32?
False
Is 11 a factor of 528?
True
Is 19 a factor of 6973?
True
Is 3904 a multiple of 9?
False
Does 49 divide 643?
False
Is 50 a factor of 13950?
True
Is 9 a factor of 69219?
True
Is 8122 a multiple of 262?
True
Is 127 a multiple of 4?
False
Does 71 divide 6266?
False
Does 116 divide 126080?
False
Does 44 divide 308?
True
Does 21 divide 5415?
False
Does 19 divide 2688?
False
Does 13 divide 413?
False
Does 11 divide 2218?
False
Is 95 a multiple of 12?
False
Is 11886 a multiple of 29?
False
Is 16873 a multiple of 12?
False
Is 7 a factor of 885?
False
Does 14 divide 1722?
True
Does 13 divide 689?
True
Does 12 divide 30756?
True
Does 12 divide 6214?
False
Is 1313 a multiple of 13?
True
Does 5 divide 695?
True
Is 22496 a multiple of 203?
False
Is 21 a factor of 19305?
False
Is 53552 a multiple of 5?
False
Does 18 divide 133?
False
Does 5 divide 5569?
False
Is 5 a factor of 213?
False
Is 14030 a multiple of 5?
True
Is 13 a factor of 5772?
True
Is 10 even?
True
Is 483 a multiple of 21?
True
Is 45 a factor of 1484?
False
Is 4 a factor of 5511?
False
Is 13 a factor of 390?
True
Does 133 divide 17955?
True
Is 177 a multiple of 14?
False
Is 2575 a multiple of 117?
False
Does 38 divide 47161?
False
Is 40 a factor of 1960?
True
Is 78 a multiple of 5?
False
Is 1722 a multiple of 19?
False
Does 428 divide 83032?
True
Is 50 a factor of 14000?
True
Is 32 a factor of 800?
True
Does 12 divide 10514?
False
Is 6 a factor of 624?
True
Is 14552 a multiple of 34?
True
Is 767 a multiple of 9?
False
Is 5 a factor of 600?
True
Does 86 divide 13849?
False
Does 16 divide 69?
False
Is 2657 a multiple of 56?
False
Is 304 a multiple of 19?
True
Is 14 a factor of 474?
False
Does 12 divide 24?
True
Is 38 a factor of 152?
True
Does 45 divide 24120?
True
Is 3 a factor of 403?
False
Does 24 divide 3336?
True
Does 4 divide 1067?
False
Does 18 divide 450?
True
Does 6 divide 49374?
True
Does 69 divide 2549?
False
Is 43 a factor of 6479?
False
Is 18 a factor of 846?
True
Does 20 divide 61550?
False
Does 20 divide 161?
False
Is 37 a factor of 41009?
False
Is 64 a factor of 20394?
False
Is 162 a factor of 2106?
True
Is 12 a factor of 3804?
True
Does 24 divide 576?
True
Is 126 a multiple of 63?
True
Is 2 a factor of 4520?
True
Does 11 divide 765?
False
Does 24 divide 27528?
True
Is 270 a multiple of 27?
True
Does 26 divide 2042?